ighest common divisor of 555948860 and 3155.
3155
Calculate the greatest common divisor of 26 and 10859147.
13
What is the highest common factor of 24115620 and 13296?
3324
What is the highest common factor of 253422 and 22563944?
9386
Calculate the greatest common divisor of 266 and 215042.
38
Calculate the highest common divisor of 200743 and 1020854.
197
What is the highest common factor of 347272 and 210737?
83
Calculate the highest common factor of 310 and 175385.
5
What is the greatest common factor of 125856 and 16188?
228
Calculate the highest common factor of 9 and 1402816869.
9
What is the highest common divisor of 1012 and 30623212?
92
Calculate the highest common divisor of 1334 and 16583621.
667
What is the greatest common factor of 29552 and 1056?
16
What is the highest common divisor of 28812173 and 13?
13
Calculate the highest common factor of 15198 and 111406406.
5066
What is the highest common divisor of 2256 and 1166603920?
752
What is the highest common divisor of 8072 and 43088?
8
Calculate the greatest common factor of 1972825736 and 14.
14
Calculate the greatest common divisor of 2202 and 53026362.
2202
What is the greatest common divisor of 122705 and 4255?
115
What is the greatest common factor of 21 and 324571464?
21
Calculate the highest common divisor of 558 and 2940722.
62
What is the greatest common divisor of 566289 and 2187?
9
Calculate the greatest common factor of 1285 and 38056303.
257
What is the highest common factor of 11 and 31189862?
11
Calculate the highest common factor of 875866 and 1310.
262
Calculate the greatest common divisor of 24 and 199865364.
12
What is the highest common factor of 84630010 and 20?
10
What is the highest common divisor of 167793066 and 1647?
1647
What is the highest common factor of 15292299 and 408?
51
What is the greatest common factor of 19287072 and 3672?
216
Calculate the highest common divisor of 165723 and 27.
3
What is the greatest common factor of 15650867 and 76796?
263
What is the highest common factor of 362316515 and 122?
61
Calculate the greatest common divisor of 1760920 and 10184.
152
What is the highest common factor of 12791993 and 27845?
5569
Calculate the greatest common factor of 45095322 and 15827.
323
What is the greatest common factor of 266 and 1415526?
14
Calculate the greatest common factor of 269225948 and 2.
2
What is the greatest common factor of 36619 and 5753?
11
Calculate the highest common divisor of 23488 and 9012160.
64
What is the highest common divisor of 46845174 and 708?
354
Calculate the highest common factor of 603840 and 24990.
510
What is the greatest common factor of 112 and 18474624?
112
Calculate the highest common divisor of 5590 and 6254040.
130
Calculate the highest common factor of 83606527 and 17697.
5899
What is the highest common divisor of 108583 and 4853?
23
Calculate the highest common divisor of 1546545 and 156.
39
What is the greatest common factor of 152960 and 568000?
320
Calculate the greatest common divisor of 686285 and 47705.
145
What is the highest common divisor of 992 and 10082719?
31
Calculate the greatest common factor of 16610 and 5529620.
1510
What is the highest common factor of 53620766 and 14554?
766
Calculate the greatest common divisor of 1434735 and 5085.
45
What is the highest common factor of 31261 and 38743?
43
Calculate the greatest common divisor of 1152106 and 19351.
37
Calculate the highest common factor of 23832 and 2861826.
1986
What is the highest common divisor of 14007 and 693477?
87
What is the greatest common factor of 808939406 and 44?
22
Calculate the highest common divisor of 331643 and 1841.
263
What is the greatest common divisor of 42 and 1886367?
21
What is the greatest common divisor of 131289115 and 596?
149
Calculate the highest common divisor of 252123 and 191580.
93
Calculate the highest common factor of 17168840 and 4579.
241
What is the greatest common divisor of 243685 and 14260?
115
What is the highest common factor of 525855 and 660?
165
Calculate the greatest common divisor of 171997 and 65751.
7
Calculate the highest common factor of 2131351 and 12370.
1237
Calculate the greatest common factor of 33 and 98375354.
11
What is the highest common divisor of 65694356 and 416?
52
What is the highest common divisor of 516923858 and 1111?
1111
Calculate the greatest common factor of 4868030 and 1505.
215
Calculate the highest common divisor of 462 and 22048554.
66
What is the greatest common divisor of 3208 and 39304?
8
What is the highest common factor of 115824 and 3256752?
912
What is the highest common factor of 956375 and 604429?
7651
What is the greatest common factor of 627605540 and 6820?
620
What is the highest common factor of 43666763 and 861?
287
What is the highest common factor of 28 and 3336596?
4
Calculate the highest common factor of 25263 and 11355117.
1203
What is the highest common divisor of 8173416 and 696?
24
Calculate the highest common factor of 92 and 21482.
46
Calculate the highest common divisor of 33 and 1656347.
11
Calculate the highest common factor of 250 and 68013875.
125
What is the greatest common factor of 370 and 2206310?
370
Calculate the highest common divisor of 17604160 and 1344.
448
Calculate the highest common divisor of 8460000 and 41031.
423
Calculate the highest common factor of 65993166 and 15.
3
What is the greatest common factor of 188543373 and 685?
137
What is the highest common divisor of 32034396 and 2676?
2676
What is the greatest common factor of 178 and 3067464?
2
What is the highest common divisor of 392805 and 728979?
129
Calculate the highest common divisor of 65820 and 372.
12
Calculate the greatest common divisor of 14259035 and 1085.
35
Calculate the greatest common factor of 169 and 2973711.
13
Calculate the highest common factor of 611281 and 283321.
911
What is the greatest common factor of 276484956 and 5742?
1914
What is the highest common factor of 11243736 and 6174?
882
What is the greatest common divisor of 436 and 332816131?
109
What is the greatest common divisor of 528670724 and 172?
172
What is the highest common factor of 182 and 2414524?
14
What is the highest common factor of 302093 and 182787?
319
What is the greatest common divisor of 771615 and 1261?
13
What is the highest common divisor of 265335 and 251256?
1083
What is the greatest common factor of 42 and 1851206?
14
What is the greatest common factor of 47184288 and 2304?
96
Calculate the highest common factor of 72640 and 1010.
10
What is the greatest common divisor of 921 and 14554563?
921
Calculate the greatest common factor of 5381814 and 36.
6
Calculate the highest common factor of 682 and 210920435.
341
What is the greatest common factor of 3272 and 68414248?
3272
Calculate the highest common factor of 152876787 and 2324.
581
Calculate the greatest common divisor of 443208 and 3168.
24
What is the greatest common factor of 408 and 363222?
102
What is the highest common divisor of 9 and 13135357?
1
Calculate the highest common factor of 121172392 and 376.
376
Calculate the greatest common factor of 104430 and 36934.
118
Calculate the greatest common divisor of 16804293 and 1419.
33
What is the highest common factor of 16716 and 62979?
21
Calculate the greatest common factor of 4034111 and 5348.
191
Calculate the highest common divisor of 2240942 and 1815.
11
What is the highest common divisor of 420476 and 280?
28
Calculate the highest common factor of 1226 and 35097928.
1226
What is the highest common divisor of 27020184 and 255559?
6907
What is the greatest common divisor of 8680 and 2505440?
280
Calculate the greatest common factor of 110 and 43878252.
22
Calculate the greatest common factor of 1754 and 775585474.
1754
What is the highest common factor of 6160 and 14563472?
1232
What is the greatest common divisor of 360 and 148545?
45
What is the highest common divisor of 2008346 and 272?
34
What is the highest common factor of 40168 and 22472?
8
Calculate the greatest common divisor of 105245 and 3465.
35
Calculate the greatest common factor of 665 and 12901399.
133
What is the highest common factor of 452192 and 28462008?
8696
Calculate the greatest common divisor of 12 and 118520.
4
What is the highest common factor of 10 and 